10. Let o(l) be the first derivative of 67*l**3/3 - l**2 - l + 2. Is o(j) a composite number?
False
Let n(z) = 14 - 3*z + 6*z**2 - z**2 + 15*z. Is n(-11) a prime number?
True
Let f = 1 - -5. Let w be (f/(-12))/(2/284). Is 2 - (0 + 3)*w a prime number?
False
Let r(v) = -4*v**2 + 5*v - 2. Let y be r(4). Let q = y + 22. Let j = q - -71. Is j a composite number?
False
Suppose 0 = -2*g - 94 + 380. Let o = -86 + g. Let c = 88 - o. Is c a prime number?
True
Let f(m) = -7*m**3 - 7*m**2 - 11*m + 2. Is f(-4) composite?
True
Is (322168/16 + -9)/(3/6) a prime number?
True
Let a(o) = -3*o**2 + 10*o. Let z(k) = 1 - k - 3*k**2 + 5*k + 6*k - k. Let v(l) = 4*a(l) - 5*z(l). Is v(-5) a composite number?
True
Suppose 0 = 4*c - 2*c - 2*k, 0 = 5*c + 5*k - 20. Suppose 2*d + 12 = -c*d, 0 = 2*f + 5*d - 803. Suppose -3*l + 26 = -f. Is l composite?
True
Suppose -18*q = -19*q + 4, -22500 = -4*t + 2*q. Is t composite?
True
Let t = 36092 + -20785. Is t composite?
False
Let b(z) = z**3 + 2*z**2 - z + 1. Let u be b(-2). Suppose 2*x + q - 23 = x, -3*q - 39 = -u*x. Suppose -2*k + 0*m = 4*m - x, k = 3*m - 6. Is k prime?
True
Let z(f) = 57*f - 131. Is z(6) a composite number?
False
Suppose -5*g + 12 = 3*z - 8, 4*g = -2*z + 16. Suppose 4*u - 5*j = 1024, -g*u - 4*j = -1063 + 3. Suppose 2*q - u = -q. Is q a composite number?
True
Let h be (1 + 0)*3*7. Suppose 15 = -16*x + h*x. Suppose 1117 = 2*k + x*l - 838, 0 = 2*l - 6. Is k a composite number?
True
Let k(l) = -5*l - 18. Let g be k(-4). Is (-1)/g*(-589 + -7) a composite number?
True
Let b(t) = t**3 - 5*t**2 - 7*t + 5. Let o be b(6). Is (-2554)/(o*(-4)/(-2)) prime?
True
Suppose g - 2029 = 4*w, 2*g + 5*w - 3993 = -0*w. Suppose 5*a = 2376 + g. Is a a composite number?
False
Let a = 51 - 9. Let p = -105 - -110. Let h = a - p. Is h prime?
True
Let v(t) = -t**2 - 7*t + 11. Let q be v(-8). Let a = q - 1. Suppose 0*z + 3*z - 976 = -a*g, g = -5*z + 495. Is g a prime number?
False
Let f(h) = h**2 - 70*h**3 - 3 - 4*h - 94*h**3 - 210*h**3 + 87*h**3. Is f(-2) a composite number?
True
Let r(k) = -2*k**3 - 12*k**2 - 5*k - 12. Let p be r(-9). Suppose p = 3*v - 387. Is v a prime number?
False
Let v(a) be the second derivative of 49*a**4/6 - 2*a**3/3 - 5*a**2/2 + 13*a. Is v(-2) a composite number?
True
Let n(p) = 9*p**2 - 4*p + 3. Let y(a) = 3*a + 20. Let u be y(-8). Is n(u) prime?
True
Let i(p) = -p**3 - p**2 - 19*p + 5323. Is i(0) a composite number?
False
Suppose v = f - 4056, -13*v + 18*v - 8147 = -2*f. Is f a composite number?
True
Let x = -64 + 25. Let g = x - -28. Let t(n) = n**2 + 5*n - 11. Is t(g) a composite number?
True
Suppose 11*r - 4*q - 62375 = 8*r, 2*r - 3*q = 41585. Is r composite?
True
Let m = -12 + 17. Let v = m - -18. Is v prime?
True
Let g(c) = 348*c**3 - 3*c + 2. Let k(f) = f**3 + 10*f**2 + 1. Let i be k(-10). Is g(i) composite?
False
Let q = 32 + -30. Suppose -3*v - 8 = v, -q = 3*s - 5*v. Is (-1659)/(-4) - s/16 prime?
False
Let t = 88968 - 61429. Is t a prime number?
True
Is 560 - (-3)/(-9)*9 a prime number?
True
Let s(z) = -38*z**2 + 9*z - 2. Let q(l) = -38*l**2 + 9*l - 2. Let n(o) = -5*q(o) + 4*s(o). Is n(-3) composite?
True
Let t = -5 - -13. Is (0 - 254/t)/((-5)/100) composite?
True
Suppose 207 = 3*d + 4*m, -3*d + 3*m + 155 = -d. Let z = d - 38. Is z prime?
False
Let p(l) = 8*l - 5. Let w be p(1). Suppose 0 = -w*x - 3*i + 2886, 5*x + 0*i - 4780 = 5*i. Is x a composite number?
True
Let s = -14 - -21. Suppose -2 = 2*g, 0 = t + 4*g - 54 + s. Is t a prime number?
False
Let b(m) = -6187*m - 22. Is b(-3) prime?
True
Let h(u) be the third derivative of 19*u**4/24 - 5*u**3/3 - 10*u**2. Is h(9) a composite number?
True
Suppose -10*h - 13218 = -12*h. Suppose 4*i - h = -1013. Is i a prime number?
True
Let q(p) = 5*p**2 - 2*p + 10. Suppose 2*d + 0*d + 20 = 0. Let v be q(d). Let g = v - 277. Is g a composite number?
True
Let i(j) = 100*j + 96421. Is i(0) a composite number?
True
Let w(k) = -15*k**3 + 5*k**2 + 9*k - 6. Suppose 15 + 20 = -7*m. Is w(m) a prime number?
True
Let a = -295 - -2622. Is a prime?
False
Let n(b) = b**2 + 6*b + 5. Let j be n(-5). Suppose j = 7*x - 10*x - 30. Let t = 17 + x. Is t a composite number?
False
Let x(y) = 451*y**2 + 0 - 444*y**2 - 7 - y. Is x(3) composite?
False
Let v be 110/30 + (-2)/(-6). Suppose -v*r + 30 = -42. Suppose 5*b = -r + 73. Is b a prime number?
True
Is 8/(-40)*-225907 + (-4)/10 a prime number?
True
Suppose 2*g + g = 5*k - 16, -2*k = 3*g - 19. Let p(t) = 19*t**2 - 5*t - 7. Let i be p(k). Let r = i + -294. Is r a prime number?
True
Let s(v) = -v**3 + 20*v**2 - 14*v + 16. Let t be s(14). Let m = 593 - t. Let x = -102 - m. Is x a prime number?
False
Let n(o) = 190*o**2 - 50*o - 47. Is n(6) composite?
True
Suppose a - 664 = o, 3*o - 2*a = -404 - 1583. Let d = 1031 + o. Let n = 109 + d. Is n prime?
False
Let a(s) = -2*s**2 + 16*s - 8. Let c be a(7). Suppose c*i = i + 5705. Is i a prime number?
False
Let x be (1*(-2)/4)/((-1)/8). Suppose 0 = 8*z - x*z - 5012. Is z prime?
False
Let y(n) be the second derivative of n**7/1260 - n**6/240 - n**5/20 + n**4/3 + n. Let k(i) be the third derivative of y(i). Is k(-7) a composite number?
False
Suppose -5*b - 855 = -24100. Is b composite?
False
Suppose 8*x + 1354 = 146. Let a = -82 - x. Is a composite?
True
Let z(h) = h**2 + 2*h + 2179. Let o be (0 - 3/(-1)) + -7 + 4. Is z(o) a composite number?
False
Let z = 8460 + -2968. Let h = -3799 + z. Is h a composite number?
False
Let q(v) = -v**3 + 3*v**2 + 4*v + 2. Let l be q(4). Let u = 5 - l. Suppose -4*j + 0*s = u*s - 631, s + 470 = 3*j. Is j composite?
False
Suppose -3*u = 3*r - 3, -5*u = -2*r - 2*r - 32. Let f(c) = c**2 + c - 2. Let y be f(r). Suppose -5*q + 4*w + 345 = -310, y*w = 3*q - 401. Is q prime?
True
Is -13777*(-117)/65 + (-4)/(-10) a prime number?
True
Let z(j) be the third derivative of -5/6*j**4 + 0*j + 1/10*j**5 + 5/6*j**3 + 13*j**2 + 0. Is z(15) prime?
False
Suppose 0 = -4*d + 11 + 5. Suppose -828 = -2*x + d*z - z, -x = -5*z - 421. Suppose -x + 44 = -i. Is i a prime number?
True
Let p(z) be the third derivative of 29*z**6/120 - z**5/30 - z**4/8 + z**3/6 + 4*z**2. Is p(3) composite?
False
Is (1*3)/(-1) - (165 + -50839) a prime number?
True
Let y be (-2)/(1 - 2336/2332). Let v = y + -667. Is v prime?
True
Let b(w) = -6*w**3 - 14*w**2 + 14*w + 11. Is b(-14) composite?
True
Suppose 5*c - 5*l + 3 - 18 = 0, 0 = -4*c + 5*l + 14. Let u(o) = 551*o**3 - o + 1. Is u(c) prime?
False
Let i(y) = y**2 - 11*y + 11. Let a be i(10). Is ((2/8)/a)/(1/1772) prime?
True
Let j(d) be the second derivative of d**5/20 - 5*d**4/6 + 4*d**3/3 + 19*d**2 + 18*d. Is j(12) prime?
False
Suppose 0 = 4*h + 2*c - 10358, -c - 12910 = -5*h + 4*c. Is h a prime number?
False
Suppose -13 = -3*x + 23. Is 122/4*(22 - x) prime?
False
Let z = 7331 - 3777. Is z a composite number?
True
Suppose 0 = 2*r + r - s - 22867, 4*s = -16. Is r composite?
False
Let v = -33109 - -51080. Is v a prime number?
True
Suppose -18 = -2*g - 2*b, 2*b - 34 = -4*g - b. Let k(j) = 4*j**3 + 2*j**2 - 7*j - 6. Let u be k(g). Suppose -u = -5*o + 815. Is o composite?
True
Let w(i) = i - 6. Let m be w(8). Let s be (-30)/70 + (-1590)/14. Is (1/m)/((-3)/s) a prime number?
True
Let d(j) = -2*j**2 - 3*j - 2. Let z be d(-3). Let m(b) = -8*b - 16. Let h be m(z). Suppose l - 5*p + h = 256, -5*p + 532 = 3*l. Is l composite?
False
Let h(j) = 10*j**3 - j + 2. Let i be h(1). Suppose i*d = 6*d + 20665. Is d composite?
False
Let i(w) = w**3 + 9*w**2 + 11*w + 8. Let n be i(-8). Let q be (6/(-4))/(6/n). Suppose 5*m = -q*j + 2225 + 1331, 0 = -m. Is j a prime number?
False
Suppose 7*m - 3*m - 6080 = 0. Let s = -4 - -7. Suppose m = s*q - 259. Is q a composite number?
False
Let a = -31 + 26. Let f be (-8)/6*(a + 176). Is (11/(-2))/(6/f) composite?
True
Let b(i) be the third derivative of 97*i**6/120 - i**5/60 - 5*i**4/24 - i**3/6 + 12*i**2. Let x be b(3). Let t = x - 1807. Is t a composite number?
False
Let d = -1 + 2. Let r be 9/(3/(-2)*d). Is (-1)/(r/446)*3 composite?
False
Let w(x) = -137*x + 4. Let y be w(-3). Suppose -5*n + 421 = 2*p, -4*p + y = -2*p + 3*n. Is p composite?
True
Let f(n) = 6*n**2 + 2*n + 2869. Is f(0) prime?
False
Let x(u) = 572*u + 729. Is x(10) composite?
False
Let t(r) = 50*r**3 + 11*r**2 - 22*r + 177. Is t(8) a prime number?
False
Let q(j) = 184*j**2 + 4. Let p 